) = -c**3 + c**2 - c + 19. List the prime factors of n(i).
19
Let u = 25 + -69. Let b = -26 - u. List the prime factors of b.
2, 3
Suppose -f + 2*f - 2*v = 1, 0 = -5*f + 4*v + 11. Suppose n = -f*n. Suppose n = 4*p - 22 - 18. List the prime factors of p.
2, 5
Suppose 3*p + 3*u = -12, 0 = p + 3*u - 0*u + 14. Suppose 3 = 3*o, -3*s + 4*o = -4 - p. List the prime factors of s.
3
Suppose -3*k + 13 - 1 = 0. Suppose -k*v = -81 - 23. List the prime factors of v.
2, 13
Suppose 7*k - 3*k = -4. Let v = 3 + k. Suppose v*g + 9 = 5*u - 26, 3*g = -u + 24. What are the prime factors of u?
3
Let q(l) = -l**3 - 21*l**2 - 5*l - 39. List the prime factors of q(-21).
2, 3, 11
Let f(o) = -o**2 + 6*o - 7. Let k be f(5). What are the prime factors of 3 - (16/k + 2)?
3
Let p(f) be the third derivative of -31*f**4/24 - f**3/2 - 2*f**2. Let q(g) = -21*g - 2. Let c(u) = -5*p(u) + 7*q(u). List the prime factors of c(1).
3
Let a(n) = 2*n**3 + 8*n**2 - 7*n - 3. Let m(p) = -3*p**3 - 7*p**2 + 7*p + 4. Let i(q) = 4*a(q) + 3*m(q). List the prime factors of i(10).
2, 3, 5
Suppose -3*u + o = -u - 8, 0 = o + 2. Suppose 0 = 2*x - p - 6, 0 = u*p - 0*p. List the prime factors of x.
3
Let m(d) = 4*d**2 + 4*d + 2. Suppose -j - 3 = -s, -s + 6*s - 3*j - 13 = 0. Suppose -7 + 3 = s*y. What are the prime factors of m(y)?
2, 5
Suppose 0 = -r + 5*r. Suppose r = -3*h + 2*h + 9. What are the prime factors of h?
3
Let q be (-250)/(-15) - 4/6. List the prime factors of q/(-10)*(-5)/2.
2
Let c = -14 - 5. Suppose 0 = -4*b + 124. Let r = c + b. List the prime factors of r.
2, 3
Suppose 26 = 3*i - 31. Suppose -4*u + i = -9. Let w = u - 3. List the prime factors of w.
2
Suppose -5*h = -66 + 6. List the prime factors of 6*(38/h + -2).
7
Suppose -6*h - 15 = -3*h. Let z(w) be the third derivative of -w**5/60 - w**4/6 + 7*w**3/6 + w**2. What are the prime factors of z(h)?
2
Let x(t) = -t**3 + 5*t**2 + 6*t - 5. What are the prime factors of x(5)?
5
Let k(q) = -q**3 - 7*q**2 + q + 6. Let l = -9 + 2. Let g be k(l). List the prime factors of 441/28 + g/(-4).
2
Let l be 2 - (-2 - (-1 - 12)). Let j(f) = f**2 + 6*f - 5. What are the prime factors of j(l)?
2, 11
Suppose -t - 2*t = 0. Suppose 4*k = -5*x + 2 - t, -1 = -3*k - 4*x. What are the prime factors of k?
3
Let a = 80 - 42. What are the prime factors of a?
2, 19
Let g(t) = t**3 - 2*t**2 + 6*t + 4. List the prime factors of g(4).
2, 3, 5
Let n be (-1)/(((-7)/2)/7). Let f = 13 + n. What are the prime factors of f?
3, 5
Suppose 3*b + 8 = 2*b - 2*c, -3*c = 5*b + 26. Let t(w) = w**3 + 4*w**2 - 2*w - 3. List the prime factors of t(b).
5
Let o be (-22)/8 - (-2)/(-8). What are the prime factors of (5/o)/(9/(-27))?
5
Suppose -13*i + 18*i - 180 = 0. What are the prime factors of i?
2, 3
Suppose -3*p - 2*v - 205 = 0, 0*v = -2*v - 10. Let m = 104 + p. Suppose 3*f - m = -3*h, -2*h = -f - f + 10. What are the prime factors of f?
3
Let w = 61 - 30. Let u = w - -1. List the prime factors of u.
2
Suppose 10*f - 2191 + 911 = 0. What are the prime factors of f?
2
Let o(j) = j - 3. Let d be o(0). Let v be (2 - 9/6)*-6. What are the prime factors of ((-7)/d)/(v/(-9))?
7
Let d(f) = f**2 + 4*f + 3. Let k be d(-3). Suppose 3*z - 2*l - 32 = k, 0 = 5*z - 2*l - 8 - 40. What are the prime factors of z?
2
Let x(t) be the first derivative of 7*t**2/2 + 5*t + 1. Let b be x(-4). Let g = -12 - b. List the prime factors of g.
11
Let f = 5 - 1. Suppose 0 = f*k + 8, 0 = -2*i - 4*k + 2*k + 38. What are the prime factors of i?
3, 7
Let u = 7 - -1. What are the prime factors of (-6)/(-8) - (-90)/u?
2, 3
What are the prime factors of ((-2)/3)/(44/(-1386))?
3, 7
Let j be (-2)/3*21/(-2). Suppose -2*l + 3*c + 12 = 0, 0 = 2*c - j*c. What are the prime factors of l?
2, 3
Let m(w) = 8*w**2 - 14*w - 32. List the prime factors of m(8).
2, 23
Let t = 6 + 0. Suppose -3 = -3*d + t. What are the prime factors of d?
3
Suppose 5*m = h + 39 - 2, -9 = -3*h. Let x(v) = 3*v**3 + 0*v**3 - v + m*v**2 - 2*v**3 + 3. What are the prime factors of x(-8)?
11
Let t be ((-2)/4)/((-3)/(-18)). Let p = t - -3. Suppose 3*n + 3*v - 35 = n, p = 5*n - 2*v - 40. List the prime factors of n.
2, 5
Let a be (12/(-16))/(1/(-4)). Suppose 2*c + 0 + 6 = 0, 689 = -5*l - a*c. What are the prime factors of l/(-10) - 9/15?
13
Let f = 2 + -2. Let r = f + 2. Let d(l) = 2*l. What are the prime factors of d(r)?
2
Let f be (-15)/(-4) - 12/16. Let y = -1 + f. Suppose -17 = -y*p + 1. List the prime factors of p.
3
Let r(c) be the first derivative of 1/2*c**2 + 6*c - 2. List the prime factors of r(0).
2, 3
Let x(f) = 7*f**3 - 9*f**2 + 6*f - 1. Let b(v) = -15*v**3 + 18*v**2 - 11*v + 1. Let u(l) = 6*b(l) + 13*x(l). List the prime factors of u(8).
5
Let f be 6/((-2)/12*-3). Let s be (-51)/12 - (-3)/f. Let t(n) = n**2 + 3*n + 4. List the prime factors of t(s).
2
Let l be (-1 + -3)*(-15)/(-4). Let y be -35*(21/l + 1). Suppose y - 58 = -4*k. What are the prime factors of k?
11
Let y be 6/(-10) + (-291)/15. Let u = -34 - y. What are the prime factors of 0 + 2 - u/2?
3
Suppose -3*k + 2*b = -167, k - 2*k = -5*b - 47. What are the prime factors of k?
3, 19
Let z(v) = v + 9. Let w be z(-8). Let u(l) be the first derivative of 4*l**3 - l**2/2 + l - 3. What are the prime factors of u(w)?
2, 3
List the prime factors of -1 - 28/(-8)*2.
2, 3
Suppose -5*b - 7 = 13. Let d be (-5)/10 - (-34)/b. Let q = -4 - d. List the prime factors of q.
5
Suppose 5*z + 80 = 5*k, -z - 3 = -1. Suppose k + 10 = 3*y. Let b = y - -3. List the prime factors of b.
11
Let f(k) = -133*k - 6. List the prime factors of f(-1).
127
Let m be 0/((4 + -1)/(-3)). Suppose 3*r - 6*r + 33 = m. What are the prime factors of r?
11
Let h(b) = -14*b**2 - b - 3. Let w(r) = r**2 + r + 1. Suppose -5*y = 13 - 3. Let g(c) = y*w(c) - h(c). List the prime factors of g(1).
2, 3
Suppose 19 = 4*y - 85. What are the prime factors of y?
2, 13
Suppose -2*k - 11 = -1. Let t(q) be the third derivative of q**5/60 + q**4/8 - q**3 - 2*q**2. What are the prime factors of t(k)?
2
List the prime factors of (-1)/(-3) + 822/18.
2, 23
Let i(p) = -26*p - 3. Let h be i(-2). Suppose r - 5*f = 23, 0*r + 5*r - 3*f = h. Let j = 11 - r. List the prime factors of j.
3
Suppose 5*l - 6*l = -2. List the prime factors of l.
2
Suppose 24 = -2*t + 8*t. List the prime factors of t.
2
Let v = -29 + 177. Suppose 5*f = 2*h + 370, -4*h - h + v = 2*f. What are the prime factors of 4/(-16) - f/(-8)?
3
Let b = -7 + 9. Suppose 3*s - 140 = -b*s. What are the prime factors of s?
2, 7
Let v be (-3 - (-6)/3) + 6. Suppose u - 3*u + 14 = 0. Suppose -u + 21 = 3*b - v*w, b - w = 4. What are the prime factors of b?
3
Suppose -2*s - 2*z + 15 = z, -2 = -2*z. Let v(r) = r**2 - 9*r + 4. Let a be v(s). Let q = 23 + a. List the prime factors of q.
3
List the prime factors of 50 + 1*(1 - 2).
7
Let x(o) = o**2 - 2. Let h be x(0). Let i be -2 + (-1)/h*14. Let l = 3 + i. What are the prime factors of l?
2
Let z(j) = j - 5. Let f(n) = -n + 1. Suppose 3*x - 20 = -2*x. Let k(q) = x*f(q) + z(q). What are the prime factors of k(-2)?
5
Suppose -2*p = -19 - 5. Let r be -4 + p + 1*-2. Suppose -2*z + 4*q - r = 0, 6*q - 3 = 2*z + 3*q. What are the prime factors of z?
3
Suppose 4*f = -6*g + g + 14, 5*f + 4*g = 13. What are the prime factors of (f - 2)*(-7)/1?
7
Suppose 0 = -d + 3*o + 9, 3*d - 4*o + o = 3. Let n(f) = -5*f - 4. List the prime factors of n(d).
11
Suppose 5*z - 34 = -0*p - 4*p, 3*p = 3*z - 42. Suppose -3*t - z = -4*t. Suppose -2*w = -0*w - t. List the prime factors of w.
5
Let t(d) = 3*d**3 - 1 - 4*d**3 - d - d - d**2. Let o be t(-1). What are the prime factors of (-3 - -2)*(o - 14)?
13
Let n be 4/(3 - -1) - -2. Suppose -47 = -n*y + 19. List the prime factors of y.
2, 11
Suppose -5*h - 57 + 322 = 0. List the prime factors of h.
53
Let q be -2*(3/(-3) + -1). Suppose -q*k = 2*g - 126, k - g + 3*g - 24 = 0. List the prime factors of k.
2, 17
Let f = 37 - -12. List the prime factors of f.
7
Let w(s) = -s**3 - 24*s**2 - 4*s + 30. List the prime factors of w(-24).
2, 3, 7
Let m = 655 + -208. What are the prime factors of m?
3, 149
Let f(j) = -5*j**3 + j**2 + 2*j + 3. Let x(l) = -14*l**3 + 3*l**2 + 5*l + 8. Let w(b) = 8*f(b) - 3*x(b). List the prime factors of w(2).
2, 7
Let a = -35 + 78. List the prime factors of a.
43
Suppose 3*c = 2*s, c - 2*s = 2*s. Let d = c - -1. Let